 1697
What are the prime factors of 6025591?
11, 13, 29, 1453
List the prime factors of 1818020.
2, 5, 90901
List the prime factors of 5388203.
31, 73, 2381
What are the prime factors of 7748796?
2, 3, 11, 47, 1249
List the prime factors of 1152457.
97, 109
What are the prime factors of 524982?
2, 3, 59, 1483
What are the prime factors of 135766?
2, 67883
What are the prime factors of 2833473?
3, 944491
What are the prime factors of 1713751?
13, 241, 547
List the prime factors of 3983553.
3, 7, 3011
What are the prime factors of 5759185?
5, 19, 60623
What are the prime factors of 2457804?
2, 3, 31, 6607
What are the prime factors of 3067048?
2, 107, 3583
List the prime factors of 328931.
328931
What are the prime factors of 284601?
3, 19, 4993
List the prime factors of 6136151.
7, 876593
What are the prime factors of 71952?
2, 3, 1499
List the prime factors of 75143.
163, 461
What are the prime factors of 646785?
3, 5, 1597
What are the prime factors of 2997436?
2, 13, 59, 977
List the prime factors of 324963.
3, 36107
What are the prime factors of 1086845?
5, 217369
What are the prime factors of 290128?
2, 18133
What are the prime factors of 79325?
5, 19, 167
List the prime factors of 1103757.
3, 127, 2897
List the prime factors of 501569.
83, 6043
What are the prime factors of 242359?
13, 103, 181
What are the prime factors of 346308?
2, 3, 28859
List the prime factors of 138414.
2, 3, 17, 23, 59
What are the prime factors of 207686?
2, 103843
List the prime factors of 219207.
3, 89, 821
What are the prime factors of 200132?
2, 50033
List the prime factors of 12725875.
5, 101807
List the prime factors of 7923968.
2, 13, 2381
List the prime factors of 1951693.
1951693
List the prime factors of 1910956.
2, 477739
What are the prime factors of 412035?
3, 5, 13, 2113
List the prime factors of 4124494.
2, 11, 187477
What are the prime factors of 5779262?
2, 61, 127, 373
What are the prime factors of 8804917?
11, 800447
List the prime factors of 2289787.
461, 4967
What are the prime factors of 23937?
3, 79, 101
What are the prime factors of 1799998?
2, 397, 2267
List the prime factors of 2731977.
3, 303553
List the prime factors of 11146774.
2, 61, 91367
List the prime factors of 4874326.
2, 41, 59443
List the prime factors of 3895234.
2, 7, 23, 12097
What are the prime factors of 79385?
5, 15877
List the prime factors of 437071.
437071
What are the prime factors of 683945?
5, 37, 3697
What are the prime factors of 3333857?
1429, 2333
What are the prime factors of 9173899?
7, 367, 3571
List the prime factors of 2392890.
2, 3, 5, 31, 83
List the prime factors of 5716464.
2, 3, 13, 9161
What are the prime factors of 3800272?
2, 7, 33931
List the prime factors of 19034766.
2, 3, 1057487
What are the prime factors of 41250?
2, 3, 5, 11
List the prime factors of 22765.
5, 29, 157
What are the prime factors of 789387?
3, 263129
What are the prime factors of 2888043?
3, 962681
List the prime factors of 7697401.
7697401
List the prime factors of 2134024.
2, 61, 4373
List the prime factors of 1328383.
7, 109, 1741
What are the prime factors of 897899?
897899
List the prime factors of 1174766.
2, 71, 8273
List the prime factors of 542505.
3, 5, 59, 613
List the prime factors of 268218.
2, 3, 4967
What are the prime factors of 2238966?
2, 3, 173, 719
What are the prime factors of 588083?
588083
What are the prime factors of 1016315?
5, 181, 1123
What are the prime factors of 252038?
2, 126019
List the prime factors of 8001835.
5, 1600367
List the prime factors of 609127.
17, 35831
What are the prime factors of 1492009?
1492009
What are the prime factors of 1560435?
3, 5, 23, 4523
What are the prime factors of 452132?
2, 17, 61, 109
List the prime factors of 388716.
2, 3, 29, 1117
List the prime factors of 5336021.
5336021
What are the prime factors of 1317274?
2, 7, 37, 2543
List the prime factors of 13473606.
2, 3, 1151, 1951
What are the prime factors of 10088754?
2, 3, 13, 211, 613
What are the prime factors of 6534832?
2, 408427
List the prime factors of 178034.
2, 89017
List the prime factors of 1307341.
7, 186763
List the prime factors of 278208.
2, 3, 7, 23
List the prime factors of 220726.
2, 11, 79, 127
What are the prime factors of 2942013?
3, 293, 3347
List the prime factors of 160325.
5, 11, 53
List the prime factors of 4732778.
2, 2366389
What are the prime factors of 81197?
81197
List the prime factors of 29607722.
2, 14803861
What are the prime factors of 21174960?
2, 3, 5, 83, 1063
List the prime factors of 3730772.
2, 181, 5153
What are the prime factors of 850465?
5, 7, 11, 47
List the prime factors of 12044744.
2, 29, 193, 269
What are the prime factors of 168943?
168943
List the prime factors of 4064607.
3, 47, 3203
What are the prime factors of 187938?
2, 3, 53, 197
What are the prime factors of 7178902?
2, 3589451
What are the prime factors of 81239?
81239
List the prime factors of 9969248.
2, 311539
List the prime factors of 9794619.
3, 23, 47317
List the prime factors of 328474.
2, 17, 9661
List the prime factors of 1214329.
181, 6709
What are the prime factors of 2107719?
3, 234191
What are the prime factors of 196626?
2, 3, 32771
List the prime factors of 10575.
3, 5, 47
What are the prime factors of 288046?
2, 11, 13093
What are the prime factors of 128500?
2, 5, 257
What are the prime factors of 689449?
599, 1151
What are the prime factors of 106808?
2, 13, 79
List the prime factors of 10111711.
53, 190787
List the prime factors of 2398734.
2, 3, 13, 17, 67
What are the prime factors of 5067062?
2, 7, 11, 13, 2531
What are the prime factors of 23999572?
2, 1973, 3041
What are the prime factors of 75018?
2, 3, 12503
What are the prime factors of 69734?
2, 7, 17, 293
List the prime factors of 19640057.
19640057
List the prime factors of 159220.
2, 5, 19, 419
What are the prime factors of 5745513?
3, 337, 5683
What are the prime factors of 13105?
5, 2621
List the prime factors of 159603.
3, 53201
What are the prime factors of 697600?
2, 5, 109
List the prime factors of 412114.
2, 17, 23, 31
What are the prime factors of 24794934?
2, 3, 4132489
List the prime factors of 923671.
7, 127, 1039
What are the prime factors of 159008?
2, 4969
What are the prime factors of 12209727?
3, 1327, 3067
List the prime factors of 1610164.
2, 402541
List the prime factors of 2100083.
37, 211, 269
What are the prime factors of 730077?
3, 163, 1493
List the prime factors of 1727996.
2, 113, 3823
What are the prime factors of 255129?
3, 7, 12149
List the prime factors of 944983.
13, 157, 463
What are the prime factors of 2093117?
13, 161009
What are the prime factors of 3643587?
3, 404843
List the prime factors of 296769.
3, 11, 17, 23
List the prime factors of 8031322.
2, 13, 103, 2999
What are the prime factors of 4929535?
5, 13, 181, 419
List the prime factors of 571415.
5, 13, 59, 149
List the prime factors of 237810.
2, 3, 5, 7927
List the prime factors of 394371.
3, 29, 1511
What are the prime factors of 11143889?
11143889
List the prime factors of 198905.
5, 7, 5683
What are the prime factors of 10163869?
1627, 6247
List the prime factors of 331462.
2, 53, 59
What are the prime factors of 6830058?
2, 3, 71, 16033
List the prime factors of 35079.
3, 11, 1063
List the prime factors of 17215765.
5, 7, 107, 4597
List the prime factors of 6512179.
47, 127, 1091
List the prime factors of 2811236.
2, 702809
What are the prime factors of 3945987?
3, 438443
List the prime factors of 3794341.
3794341
List the prime factors of 61503.
3, 13, 19, 83
What are the prime factors of 6541686?
2, 3, 227, 1601
What are the prime factors of 5614539?
3, 7, 17, 15727
List the prime factors of 4045255.
5, 809051
What are the prime factors of 5941641?
3, 467, 4241
List the prime factors of 5478766.
2, 2739383
What are the prime factors of 9842?
2, 7, 19, 37
List the prime factors of 86116.
2, 21529
What are the prime factors of 3686040?
2, 3, 5, 3413
List the prime factors of 27664843.
211, 131113
What are the prime factors of 7755609?
3, 43, 59, 1019
What are the prime factors of 826818?
2, 3, 137803
List the prime factors of 414377.
31, 13367
List the prime factors of 459136.
2, 17, 211
List the prime factors of 2808066.
2, 3, 468011
List the prime factors of 12865